472884?
True
Is 31784378 a multiple of 17?
False
Is 116 a factor of 402102455?
False
Does 174 divide 1817458048?
False
Does 518 divide 210508966?
False
Is 6092109347 a multiple of 232?
False
Does 3 divide 171351999?
True
Is 46 a factor of 1878002379?
False
Is 791379765 a multiple of 633?
True
Does 21 divide 1507221828?
True
Is 236 a factor of 53607400?
True
Is 7394820 a multiple of 740?
True
Is 12091454 a multiple of 11?
False
Is 12 a factor of 64256036?
False
Is 487127594 a multiple of 487?
True
Does 1424 divide 641989040?
True
Is 8654153 a multiple of 137?
True
Is 3194125919 a multiple of 8607?
False
Is 15824251 a multiple of 8?
False
Is 42195873 a multiple of 45?
False
Does 10 divide 246469020?
True
Is 16086230 a multiple of 157?
False
Is 116796330 a multiple of 15?
True
Does 26 divide 302223064?
True
Does 15 divide 220696710?
True
Does 8179 divide 53670179?
False
Is 80 a factor of 208342047?
False
Is 14 a factor of 2036046791?
False
Is 60248960 a multiple of 10?
True
Is 4762375404 a multiple of 926?
True
Is 56 a factor of 751683352?
True
Does 6067 divide 1318609777?
False
Is 3186 a factor of 1370489760?
True
Is 6648 a factor of 56994795?
False
Is 2530248465 a multiple of 1104?
False
Is 19941138 a multiple of 14?
True
Is 415533042 a multiple of 802?
True
Does 71 divide 244265205?
True
Is 433798624 a multiple of 1736?
True
Is 696 a factor of 89978131?
False
Is 21179573 a multiple of 175?
False
Does 1824 divide 14336090?
False
Is 66 a factor of 21261834?
True
Is 1255257675 a multiple of 21?
True
Does 2 divide 1609707?
False
Is 51 a factor of 6367016?
False
Does 451 divide 46165262?
True
Is 8 a factor of 1239609504?
True
Is 20 a factor of 111707340?
True
Is 11452 a factor of 7037218358?
False
Does 3832 divide 64421174?
False
Does 4566 divide 2150479000?
False
Is 682908624 a multiple of 144?
True
Is 90509760 a multiple of 88?
True
Is 8746 a factor of 1050097236?
True
Is 267224022 a multiple of 2007?
True
Is 186191919 a multiple of 1203?
True
Is 22327090 a multiple of 19?
True
Does 277 divide 50272730?
True
Is 351 a factor of 3150069858?
True
Does 2426 divide 854837490?
True
Is 76 a factor of 81786087?
False
Does 102 divide 127236719?
False
Does 58 divide 1012023988?
False
Is 13288248 a multiple of 912?
False
Is 14154 a factor of 2535406020?
True
Is 44442222 a multiple of 1510?
False
Is 105283708 a multiple of 39?
False
Is 5000 a factor of 368445000?
True
Is 76670551 a multiple of 869?
False
Is 31 a factor of 582018118?
True
Is 175031402 a multiple of 13?
True
Is 79568819 a multiple of 61?
False
Is 37961005 a multiple of 3245?
False
Is 27637740 a multiple of 155?
True
Is 47 a factor of 2994039731?
True
Is 163 a factor of 228586799?
True
Does 8 divide 43565093?
False
Is 17 a factor of 170124661?
True
Is 2787994 a multiple of 25?
False
Is 174819443 a multiple of 209?
False
Is 9 a factor of 127366596?
True
Is 189480784 a multiple of 4679?
True
Does 52 divide 469793896?
True
Does 2533 divide 1837883673?
False
Is 32 a factor of 6377610848?
True
Is 5358 a factor of 1739158578?
True
Is 216294694 a multiple of 19?
False
Is 124357815 a multiple of 579?
False
Does 40 divide 691445831?
False
Is 310603363 a multiple of 45?
False
Is 145856576 a multiple of 8?
True
Is 87920620 a multiple of 295?
True
Is 14457009 a multiple of 7?
True
Is 12347179 a multiple of 409?
False
Is 315 a factor of 639630220?
False
Does 21 divide 2878344?
True
Is 1121 a factor of 2180457100?
True
Is 57 a factor of 145185977?
False
Does 310 divide 33002205?
False
Does 207 divide 68092443?
True
Is 12635053 a multiple of 4?
False
Does 14 divide 109588794?
True
Is 25691860 a multiple of 42?
False
Is 227311364 a multiple of 1786?
True
Does 3098 divide 180179680?
True
Is 14 a factor of 31691531?
False
Does 3419 divide 4010875347?
False
Is 947367 a multiple of 20?
False
Is 253 a factor of 47581599?
False
Is 1220675458 a multiple of 17?
False
Does 391 divide 149883985?
True
Does 2596 divide 17478868?
True
Is 109 a factor of 454974906?
False
Does 663 divide 356047163?
False
Is 1897 a factor of 19042656?
False
Does 43 divide 50312992?
False
Is 558 a factor of 216427292?
False
Is 89 a factor of 18201754?
False
Does 1011 divide 1171355668?
False
Is 19 a factor of 168146331?
False
Is 9758 a factor of 485650223?
False
Is 5492307 a multiple of 5?
False
Does 1390 divide 778068085?
False
Is 5593475 a multiple of 25?
True
Is 3 a factor of 4252299?
True
Is 18 a factor of 916480563?
False
Is 56 a factor of 65184?
True
Is 92834910 a multiple of 27?
True
Is 713 a factor of 180403260?
True
Does 180 divide 14825520?
True
Is 7635223 a multiple of 37?
False
Is 245 a factor of 375375900?
False
Is 177 a factor of 110745537?
True
Is 184412880 a multiple of 168?
False
Is 262 a factor of 16731123?
False
Is 452865546 a multiple of 279?
True
Does 25 divide 624923400?
True
Is 34108228 a multiple of 902?
True
Is 1518738 a multiple of 78?
True
Does 249 divide 355047606?
True
Is 9 a factor of 10387186?
False
Is 482 a factor of 1074089764?
True
Is 1678789059 a multiple of 2271?
True
Is 6 a factor of 2147250650?
False
Is 27 a factor of 56486702?
False
Is 819431859 a multiple of 29?
True
Is 9285250 a multiple of 8?
False
Does 8 divide 44087814?
False
Is 54 a factor of 212316491?
False
Does 640 divide 53064179?
False
Is 86 a factor of 5223798?
False
Is 17 a factor of 4946074350?
True
Is 185 a factor of 16572974?
False
Is 1755856664 a multiple of 33?
False
Is 279 a factor of 32544005?
False
Is 10 a factor of 19999003?
False
Is 20058152 a multiple of 11?
False
Is 560 a factor of 1539185200?
True
Does 101 divide 17768005?
False
Does 12 divide 35008378?
False
Is 13864594 a multiple of 28?
False
Is 55842999 a multiple of 24?
False
Is 5230 a factor of 2320725570?
False
Is 23229401 a multiple of 11?
False
Does 15 divide 471349423?
False
Is 17 a factor of 1137369392?
False
Is 454 a factor of 109256008?
True
Does 69 divide 139787100?
True
Is 76 a factor of 1210230841?
False
Is 8775 a factor of 1850042025?
True
Is 115 a factor of 44570788?
False
Does 3123 divide 148090070?
False
Is 26614534 a multiple of 6?
False
Is 10282000 a multiple of 485?
True
Does 52 divide 54361320?
True
Is 46 a factor of 199639954?
True
Does 18 divide 4737329?
False
Does 8 divide 34982543?
False
Is 44 a factor of 32017453?
False
Is 39377141 a multiple of 36?
False
Does 777 divide 925588421?
False
Is 1484 a factor of 2417436?
True
Is 162 a factor of 1530325249?
False
Is 122146448 a multiple of 6?
False
Is 1020839388 a multiple of 27?
False
Does 10 divide 734981420?
True
Is 5 a factor of 690025?
True
Is 3994172 a multiple of 2?
True
Is 488 a factor of 63396566?
False
Is 22908536 a multiple of 20?
False
Is 239243214 a multiple of 4414?
True
Does 96 divide 480539136?
True
Does 406 divide 702247010?
False
Is 187249293 a multiple of 2079?
True
Is 79853540 a multiple of 26?
True
Does 284 divide 244520024?
True
Does 21 divide 81093894?
True
Does 1356 divide 1128901188?
True
Does 722 divide 33983818?
True
Is 390 a factor of 2013747840?
True
Does 335 divide 10339621?
False
Is 1920717988 a multiple of 3199?
True
Is 206650569 a multiple of 1028?
False
Is 45555120 a multiple of 180?
True
Is 17914020 a multiple of 879?
True
Does 53 divide 41399572?
True
Does 15 divide 7545569?
False
Does 2343 divide 1082170782?
True
Is 80 a factor of 46441600?
True
Is 5083055189 a multiple of 1165?
False
Is 33 a factor of 2644583492?
False
Does 17 divide 354140821?
True
Is 2602428 a multiple of 51?
True
Is 363 a factor of 215088864?
False
Is 1965679296 a multiple of 516?
True
Is 432 a factor of 85221504?
True
Is 592459936 a multiple of 98?
False
Is 33 a factor of 116272464?
True
Is 54095920 a multiple of 1168?
True
Is 3 a factor of 16613685?
True
Is 24246207 a multiple of 446?
False
Is 218 a factor of 42295152?
False
Is 593 a factor of 4614046?
False
Does 11 divide 4678586?
True
Is 327 a factor of 398650659?
False
Does 355 divide 24261410?
True
Does 26 divide 2818425868?
False
Does 23 divide 585253510?
False
Is 32 a factor of 2659960747?
False
Does 180 divide 54531283?
False
Is 150516646 a multiple of 1817?
True
Does 116 divide 1440631840?
True
Is 658 a factor of 5024205718?
True
Is 63 a factor of 476890092?
True
Does 45 divide 1232024289?
False
Is 7431120 a multiple of 20?
True
Does 7 